. Suppose 0 = c - x + 5362. Is c composite?
False
Let c = -1340914 + 2092095. Is c prime?
True
Suppose 5*q - f = -14, -18 = -q + 4*f - 9*f. Let u(v) = -290*v**3 - 2*v**2 - 6*v - 15. Is u(q) a composite number?
False
Suppose 4*h = 3*j - 2*j + 12, -5*h + 15 = 5*j. Suppose -2*v = 0, 4*v - 225 = h*q + 2*q. Is 15/q*(-1870 + (2 - 1)) prime?
False
Let g = -73 + 90. Suppose -19*a + g*a = -794. Is a composite?
False
Let g(t) = -t**3 + 10*t**2 + 10*t + 15. Let a = 35 + -27. Is g(a) a prime number?
True
Let x be (9/((-252)/91))/((-2)/8). Suppose z = 3*z - 2, -3*z - 27 = -5*k. Suppose 0 = k*c - x*c + 18949. Is c prime?
True
Let w be -734 - ((-12)/(-4) + 2 + -10). Let i = 1078 - w. Is i a prime number?
False
Let d(z) = -z**3 - z**2 + z - 2. Let h(l) = -4*l**3 - l**2 + 3349. Let w(x) = -5*d(x) + h(x). Is w(0) a prime number?
True
Suppose 1901374 = -85*r + 6012909. Is r composite?
False
Is (-4 - -4 - 11617)/((-14 + 13)/1) prime?
True
Suppose 0 = -2*d + 4*x + 32, 0 = 12*d - 7*d - 2*x - 72. Suppose 0 = o + 4*h - 12771, -o - d*h = -12*h - 12781. Is o composite?
False
Let w(s) be the third derivative of 35*s**4/2 - 127*s**3/6 + 11*s**2 + 5*s. Is w(41) composite?
False
Suppose 0 = -3*r + 3*z + 3388038, 49*z = r + 51*z - 1129319. Is r a prime number?
False
Let k = 54082 - 24576. Is k a composite number?
True
Suppose -4*r = 5*h - 2*r - 10, -h - 5*r + 2 = 0. Let q be -1*(h + 3) + -1. Let s(f) = 3*f**2 - 2*f - 1. Is s(q) a composite number?
True
Let o = -655 + 660. Suppose 0 = o*a - 5963 - 15482. Is a a composite number?
False
Let d = 8497 - -8340. Is d prime?
False
Suppose 0 - 10 = 2*c, -4*c - 20 = 4*y. Is (y + -3)*(6 + -5) - -1594 prime?
False
Suppose 2*j - 2*y = 7*j - 18149, -6*y = -2*j + 7246. Is j a composite number?
True
Suppose 13*n - 12*n - 3 = 0. Is 115/(-20)*(-1524)/n composite?
True
Suppose 0 = -4*i - 0*i + 8. Suppose 4 = i*t - 2. Suppose -3*s = -j + t*j - 206, j - 105 = -s. Is j composite?
False
Suppose r + 11292 = -3*a, a + 3780 = -0*a + 5*r. Is a/75*5*-1 prime?
True
Suppose -150 = -34*h + 9*h. Is h/4 + 22*7496/32 composite?
True
Let x(v) be the third derivative of v**5/30 - 3*v**4/8 + v**3/6 - 117*v**2 + 3*v. Let n = 25 - 4. Is x(n) prime?
False
Let v be (-198271)/(-85) + (-3)/5. Suppose -794 + v = 2*p. Is p a composite number?
False
Let s(z) = -z**3 + 3*z**2 - 3*z + 4. Let p be s(2). Suppose -3625 = p*v + 3*v. Let r = 1308 + v. Is r a composite number?
True
Suppose -5*l - 15 = -35. Suppose -4*t - 3*x + 184984 = 0, t + x = -l*t + 231241. Is t a composite number?
True
Is (-1)/(-6)*(115 - 119) + (-1095478)/(-6) composite?
False
Suppose 16*r - 200193 + 31889 = 0. Is r a prime number?
False
Suppose -10*m + 33919 + 67572 = 3*m. Is m prime?
False
Let s(g) = 68*g**2 - 79*g + 65 + 72*g**2 - 141*g**2. Is s(-33) a prime number?
True
Suppose m - 5*m + 285720 = 0. Suppose 84*g - 78*g - m = 0. Is g a composite number?
True
Let t be 4/(-96)*-6 + (-1066)/8. Let j = 230 + t. Is -2*(1/(2/j))/(-1) prime?
True
Suppose -34*s + 3369 = -31*s. Let c = s + 7230. Is c composite?
False
Let j(g) = 2*g**3 + 30*g**2 - 40*g - 14. Let l be j(-16). Is 2/(-3) + 175066/l prime?
False
Let q(y) = -2*y + 3. Let k(h) = -33*h - 44. Let b(o) = k(o) - 3*q(o). Is b(-16) a composite number?
False
Let v be ((-1 - 1) + 1)*(-1540 - 6). Is 5*(v - (1 + 2)) prime?
False
Suppose 3*d = 5*v + 2943037, d - 1531857 = -4*v - 550890. Is d a composite number?
False
Suppose -19*p + 31501 = -17709. Suppose 3*x + 8425 = -2*x. Let v = p + x. Is v a composite number?
True
Let v = 8362 + 16745. Is -4 + 46/11 + v/33 a prime number?
True
Let v(t) = -63*t**3 - 44*t**2 - 21*t + 65. Is v(-14) a prime number?
False
Suppose -3*f - x + 262185 + 35681 = 0, 4*f - 4*x = 397128. Is f composite?
True
Suppose -6445 = 5*w + 1215. Let x(u) = 10*u**3 + 14*u**2 - 57*u - 8. Let j be x(7). Let g = w + j. Is g prime?
False
Let z(s) be the first derivative of 7*s**4/4 + 14*s**3/3 - 7*s**2/2 - 24*s - 29. Let q be z(9). Suppose -935 = 5*o - q. Is o a prime number?
False
Suppose -62*q = -22*q - 2727800. Suppose -29791 - q = -6*n. Is n prime?
False
Let k be 651/(-2) - (-16)/(-32). Suppose -3*a + 46 = 589. Let b = a - k. Is b composite?
True
Suppose 995093 = 21*d + 578346 - 3134206. Is d a prime number?
True
Suppose -23*t - 128072705 = -238*t. Is t prime?
True
Let s be (17 - -3)*811/(-4). Let z be (-82176)/54 - ((-22)/(-18) + -1). Let h = z - s. Is h composite?
True
Let g = 252 + -507. Is (-52443)/(-5) + (-102)/g composite?
True
Let h be 51290/(-14) + (-60)/(-105). Let m = h + 19394. Is m a composite number?
False
Suppose 4*c - 3*p = 12, 3*c = 5*p + 22 - 2. Suppose c = -4*s - 12, f - 20*s = -16*s + 1705. Is f a prime number?
True
Let j = -24415 - -60444. Is j a composite number?
True
Suppose 44*x - 45*x = -5. Suppose x*z - 3*q - 609 = 2332, -2*z = 2*q - 1170. Is z a prime number?
True
Let u = 30742 - -2341. Is u a composite number?
False
Suppose 0 = 3*g - u - 50 - 8, -g = -u - 18. Suppose -16*j + 5*w = -g*j + 7811, -3*w + 1958 = j. Is j composite?
False
Let k be (723048/(-22))/(-12) - (-2)/11. Let z = k + -1588. Is z composite?
False
Suppose -15*v + 19*v = 9*v - 35845. Is v prime?
False
Let c be (0/2)/(-1*(-2 + 4)). Let i(t) = -2*t + 121. Let z be i(c). Let w = z + 196. Is w a prime number?
True
Let i(q) = 16*q - 5. Let a be i(-18). Let n = -72 - a. Is n a prime number?
False
Let l(c) = c + 3. Let a be l(0). Let k = 929 + 2739. Suppose a*n + 341 - k = 0. Is n a composite number?
False
Suppose 16*o - 2453409 = -65*o. Is o a composite number?
True
Let s be 1*917 - (-23 + 19). Suppose -6*n + 8037 = s. Is n a composite number?
True
Let u(f) = -10*f + 6. Let k be u(-3). Let x be (-6)/(-27) - 2012/k*-2. Let q = 561 - x. Is q composite?
False
Suppose -j = 4*u - 172472, 0 = 5*u + 5*j - 155831 - 59774. Is u prime?
True
Suppose 5*z + a = 2*a + 553861, 5*z - 553837 = -3*a. Is z prime?
True
Let s be (2 - 4)/(40/(-20)). Is (-4)/s + 7/(-35)*-2215 composite?
False
Let h be 7/((-35)/(-1452)) + 32/(-80). Let z be -2*(-1)/(5/h). Let l = 495 - z. Is l a composite number?
False
Let b = -553128 - -808363. Is b prime?
False
Let l = 283 - 281. Let q(z) = 1081*z**3 - 3*z**2 + 5. Is q(l) composite?
False
Let a = -16 + 64. Suppose 0 = -5*j - 13 + a. Is j/(1*(-3)/(-6)) composite?
True
Let v(w) = -2*w**3 - 13*w**2 + 5*w + 11. Suppose -y = -u + 2 - 23, -4*u = 5*y - 114. Suppose -3*f + y = 49. Is v(f) a prime number?
False
Let t = 256253 + -144606. Is t a composite number?
True
Let a(h) = 2*h**2 - 35*h + 66. Let q be a(16). Is (-2 + (-7)/(-4))/(q/(-700776)) a composite number?
False
Suppose 4*r - 15 = 3*y, 4*r + 3*y - 9 = -0*r. Let q(a) = -10 - 13 + 356*a + 10. Is q(r) prime?
False
Suppose 3*j + 0*j = -177. Let v = j - -63. Suppose -3*b = -v*b, 5*b + 93 = 3*m. Is m prime?
True
Let k(o) = -31*o - 3. Let s(c) = c. Let v(q) = 42. Let p(l) = -2*s(l) - v(l). Let g be p(-19). Is k(g) prime?
False
Suppose -p - 10 = -3*p. Is (-3 + p)*978/12 composite?
False
Suppose 58*y + 1414688 = 62*y + 4*r, 5*y - 2*r - 1768339 = 0. Is y prime?
False
Suppose -30*a - 660 = -8*a. Is (-18)/a - (-2504)/10 prime?
True
Let w = 12011 - 8300. Is w prime?
False
Suppose q + 6*c = 2*c - 18, 5*c + 35 = 5*q. Suppose -q*k + 12 = 6. Suppose 0 = -4*v + x + 5399, 4*v - k*x - 1336 = 3*v. Is v composite?
True
Let m = -110117 - -244014. Is m a composite number?
True
Is 93/(37 - 68) + 1793460 + 2 a composite number?
False
Suppose -5*x + 562010 = 5*r, -7*x = 5*r - 9*x - 561989. Is r prime?
False
Suppose 43*m - 131*m + 125171565 = 117*m. Is m a prime number?
False
Suppose 0*x + 5*x = 35. Suppose 0 = h - x. Suppose -a + 4328 = h*a. Is a a composite number?
False
Suppose 14*j - 5*j - 513 = 0. Let k = j + 40. Let o = 174 - k. Is o prime?
False
Let a(f) = 1739*f**2 + 39*f - 393. Is a(22) composite?
False
Suppose -68*g = -65*g - 2547. Suppose 5*f + 5*x = 9*f - 3296, 5*x - g = -f. Is f prime?
True
Suppose -259457 = -2*q + 3*x, q - 63126 = x + 66600. Is q composite?
True
Let t = 19 - 10. Let k(o) = -6*o**3 + 12*o**2 - 16*o - 4. Let p be k(t). Let x = p + 5141. Is x composite?
True
Let g(o) = 1351*o**3 + 6*o**2 + 2*o + 64. Is g(9) a composite number?
False
Suppose -3*w - 19 = -2*r, -1 = -w - 0*w - 3*r. Let z be 16/(-10) + (108/(-20) - w). Is 1735 - (z - (-12)/3) a composite number?
False
Let j be (-24)/(-9) + 4/12. Let